-6590. What is the units digit of w?
6
Suppose 54 = -535*g + 529*g. What is the units digit of 1207/(0 - g/9)?
7
Let o = 89 + -85. Suppose -5*h = -m + 556 - 2017, -2*h + o*m = -588. What is the hundreds digit of h?
2
What is the units digit of (-1)/(-1) + (6325 - 8)?
8
Let c(f) = 77*f**2 + 147*f + 765. What is the tens digit of c(-5)?
5
What is the ten thousands digit of (((-1518)/(-18))/(-11))/(5 - 43802/8760)?
3
Let r = 123 - 122. Let q(y) = -15*y - r - 1 + 12 - 5*y. What is the units digit of q(-8)?
0
Let r = 3 - -11. Suppose r*w + 894 = -254. Let d = w + 138. What is the tens digit of d?
5
Suppose 5*c = 2*h - 337 - 312, 4*h - c - 1307 = 0. Suppose 3*s = 15, s = 3*z - h - 1360. What is the tens digit of z?
6
Let h(s) = -34*s. Let w = -5 - -7. Let j be (-5)/w - (-2)/4. What is the units digit of h(j)?
8
Suppose -36 = -30*c + 12*c. What is the units digit of (-3500)/(-25)*17/c?
0
Let b(y) = -y**2 + 28*y - 129. Let j be b(6). Suppose -2*k + 48*r + 933 = 49*r, -j*r = -k + 463. What is the tens digit of k?
6
Let b(k) = 94*k**3 - 3*k**2 - 2. Let s be b(3). Let x = s - 1470. What is the units digit of x?
9
Suppose 31*s + 3*s - 23123 = 11217. Suppose 3*a - 10 - 5 = 0. Suppose -a*y - 3*m = -s, 0 = y + m + 2*m - 190. What is the tens digit of y?
0
Let b = -5 + 3. Let o = 4 + b. Suppose -h + 144 = o*h. What is the tens digit of h?
4
Let x(y) be the second derivative of 19*y**3/6 - 48*y**2 + 5*y - 2. What is the tens digit of x(15)?
8
Let z be ((-4)/(-8))/((-1 + -2)/(-162)). Let t = z - 23. Suppose 17 = 4*m + 5*v, 0 = -t*m - 2*v + 9 + 17. What is the units digit of m?
8
Let v = -30 + 35. Suppose j + 32 = 4*i - 3*j, 3*i + v*j = -8. Suppose -6*g - 4*s + 369 = -3*g, -g - i*s = -131. What is the tens digit of g?
1
Let a be 30/18*249 + 4. Let i = -66 + a. What is the tens digit of i?
5
Let r be ((0 - -2) + 7)/(1/(-1)). Let k(q) = -q**3 - 7*q**2 + 4*q - 19. What is the tens digit of k(r)?
0
Let w be ((-6)/(-15))/((-8)/(-1940)). Let q = w - 95. What is the units digit of q - -6*(2 - 0)?
4
Suppose 12*d - 47548 - 51302 = 2*d. What is the hundreds digit of d?
8
Suppose -74 = -4*y + 2*a, 5*y + 3*a - 78 + 13 = 0. Let p be 4*1*y/2. Suppose 31*f + 8 = p*f. What is the units digit of f?
8
Let t(w) = w**2 - w - 15. Let o be (0 + 6)*((-42)/(-18) + -3). Let c be t(o). Suppose -3*a + 1024 = c*a. What is the tens digit of a?
2
Let v(x) be the third derivative of 17*x**5/60 + 11*x**4/24 + x**3 + 2*x**2 - 10*x. What is the tens digit of v(7)?
1
Suppose -2*i + 1845 = 3*x, 48*x - 3*i = 49*x - 615. Suppose v = -m + x, 8*v - 1861 = -3*m + 9*v. What is the tens digit of m?
1
Suppose 446 = 4*x + 98. Suppose 0 = -4*a - v + 51 + x, 5*a + v - 173 = 0. What is the units digit of a?
5
Let v = 823 - 817. Suppose -v = -n + 200. What is the tens digit of n?
0
Let d be -2 - (5 - 0 - -178). Let f = -118 - d. Suppose 0 = -l + 136 + f. What is the tens digit of l?
0
Let d = 2266 - 543. What is the tens digit of d?
2
Let h(s) = -2*s + 41. Let i be h(18). Suppose -2*y = i*f - 41 + 10, -2*y + 1 = -5*f. What is the units digit of 1316/(-1 + -6)*(-2)/y?
7
Suppose -10*y + 6526 = -17894. Let k = y - 1577. What is the tens digit of k?
6
Let q = 34044 + -20516. What is the hundreds digit of q?
5
Suppose -23762 = -h - i - 3724, h + 4*i = 20011. What is the hundreds digit of h?
0
Suppose 924936 = 183*i + 21*i. What is the units digit of i?
4
Suppose -4*z - 8 = 0, 2*z = 2*j - 14032 - 44130. What is the ten thousands digit of j?
2
Let p be (2*(-3)/10)/((-4)/60). Suppose 4*x - p = 3. Suppose -70 = -2*v - o - x*o, v = 2*o + 23. What is the tens digit of v?
2
Let d = 25 - 19. Suppose 30 = f - d*f. What is the tens digit of (-2106)/(-104)*3/(f/(-8))?
8
Suppose 4*a - 23363 = 22596 - 2819. What is the ten thousands digit of a?
1
Suppose 0 = 14*s + 15 - 43. Suppose -s*p = 0, 486 = 2*z - 4*p + 3*p. What is the hundreds digit of z?
2
Let k = -7991 - -4575. Let g = -2102 - k. What is the tens digit of g?
1
Let d be -2 - -1 - (3 - -4). What is the tens digit of 352 - -1*(d + 16)?
6
Let i(w) = -127*w + 1330. What is the tens digit of i(-6)?
9
Let m(h) = 1741*h**2 + 34*h + 7. What is the units digit of m(-4)?
7
What is the thousands digit of 240761/8 - 2 - (135/120 + -1)?
0
Let g be ((-12)/(-7))/(1 - 10/14). Let v be (-1)/g + (-10)/12. Let p(x) = 173*x**2 + 6*x + 5. What is the tens digit of p(v)?
7
Let j = 14798 - -6549. What is the tens digit of j?
4
Let s(b) = 203 + 0*b - 209 + b. Let w be s(9). Suppose -w*d = -d - 28. What is the tens digit of d?
1
Let n(w) = 1725*w**2 - 12*w - 124. What is the hundreds digit of n(-6)?
0
Let f(p) = -13*p + 95. Let u = 626 - 672. What is the units digit of f(u)?
3
What is the units digit of 1920/72*(-8877)/(-22)?
0
Suppose -3*x + 8*x + 2*t - 152 = 0, -5*t = 20. Suppose -23*f + 19*f = -x. Let b(g) = 3*g**2 - 7*g + 21. What is the units digit of b(f)?
7
Suppose -50*a + 2620 = 16220. Let o = 519 - a. What is the hundreds digit of o?
7
Let k(l) = 661*l + 131. What is the tens digit of k(3)?
1
What is the thousands digit of ((37 - 32) + (-5386)/4)*(-12)/3?
5
Let u(r) = 80*r + 26. Let f be u(13). Suppose -26*n + 24*n = -f. What is the tens digit of n?
3
Let g(s) = -s**3 - s**2 + 1. Let c(k) = 7*k + 4. Let d(v) = -c(v) - 2*g(v). Let a be d(7). Suppose 5*n - a + 144 = 0. What is the tens digit of n?
1
Let n(t) = 2749*t - 1328. What is the units digit of n(15)?
7
Let z(r) = -2*r**3 - 7*r**2 - 11*r - 6. Let l(t) = -11*t + 6. Let p be l(-2). Let c = p + -33. What is the tens digit of z(c)?
2
Suppose -15*i - 32*i + 241721 = 0. Let p = i - 3654. What is the tens digit of p?
8
Let w(j) = -j**2 + 29*j - 27. Let s(v) = v**3 + 8*v**2 + 4*v - 9. Let z be s(-7). What is the hundreds digit of w(z)?
1
Let z be (-96)/144*15*(-1)/2. Let c(w) = 28*w - 27. Let j(l) = -14*l + 13. Let f(t) = -2*c(t) - 5*j(t). What is the tens digit of f(z)?
5
Let o(c) = 1 + c**2 + 10*c + 5 - 5*c + 3. Let p be o(-4). What is the units digit of 1/(p*(-3)/(-135))?
9
Suppose 2*b - 3*r = -b + 24, 3*b - 25 = 4*r. Let p(a) = a + 4. Let j be p(-1). Suppose -j*f = -b*f + 52. What is the units digit of f?
3
Suppose -j = d - 3 - 3, 6 = 3*j - d. Suppose h - 74 = -z, -4*h + 99 = -j*h - 4*z. What is the tens digit of h?
7
Let v = 24 + -23. Suppose 2*a - 5 = v. Suppose g + a*g = 40. What is the units digit of g?
0
Let g(x) = -60*x - 9. Let l(i) = -119*i - 17 - 13 + 3 + 8. Let j(r) = -13*g(r) + 6*l(r). What is the units digit of j(1)?
9
Let a(x) be the first derivative of -13 + 1/2*x**2 - 3*x + 6*x**3. What is the units digit of a(-2)?
7
Suppose 75 = 10*p + 25. Suppose 3*f - 3969 = -3*u, 0 = -0*u + p*u. What is the tens digit of f?
2
Let n(z) = -93*z - 5. Let l be n(4). Let t = -21 - l. Suppose -t + 102 = -2*c. What is the hundreds digit of c?
1
Let a = 72 + -397. Let b = -152 - a. What is the hundreds digit of b?
1
Let x = -88 - -178. Suppose -x = -13*b - 25. Suppose 0 = -3*i + b*m - m + 164, 5*m = 20. What is the units digit of i?
0
Let f = 83 - 81. Suppose -f*p - 120 = -5*p. What is the units digit of p?
0
Let a(g) = 684*g**2 - 9*g - 4. What is the hundreds digit of a(-2)?
7
Suppose -4*c + 122 - 4 = -r, -3*r - 3*c = 279. Suppose -3*a - 47*a = -10300. Let p = r + a. What is the units digit of p?
8
Suppose -7*w + 4*w - 2895 = -3*x, 0 = -4*w - 20. Suppose 0 = 12*l + 18*l - x. What is the units digit of l?
2
Let r = -27 + 49. Let f(v) = -3*v**2 + 69*v - 23. What is the units digit of f(r)?
3
Let u be (-2)/((-5)/70*2). Let i(v) = v**3 - 14*v**2 + 29*v - 12. What is the units digit of i(u)?
4
Suppose 0 = -5*a + 5*d + 50, -5*a = -d - 0*d - 30. Suppose -a*w = 2*o - 3307, -w - 2*w = -4*o - 2005. What is the tens digit of w?
6
Suppose -5*i - 295 = -c, 7*c = 3*c + 5*i + 1195. Let j = -117 + c. What is the tens digit of j?
8
Let v(f) = -f**2 + 2*f + 12. Let m be v(0). Suppose -m*s = -21*s + 45. Suppose -2 = -2*g, 7 = s*d - 5*g - 513. What is the units digit of d?
5
Suppose 0 = 2*q - 3*a - 14883, 4*a = 3*q + 2*a - 22322. Suppose 2*p = -13*p + q. What is the tens digit of p?
9
Let k = 58 - -575. Suppose 3*f + 2*z + 1351 = 0, 10*z + 1321 = -3*f + 14*z. Let t = k + f. What is the tens digit of t?
8
Suppose -198*n + 540697 = -47*n + 206081. What is the thousands digit of n?
2
Let p(n) = 88*n**2 + 64*n - 66. What is the tens digit of p(-16)?
3
Suppo